. Let x(j) = -j**3 + 8*j**2 + 2*j + 1. Let w = 12 - 4. Calculate the remainder when x(w) is divided by b.
5
Let z be 1 - 3*(-6)/9. Suppose 2*f - 79 = -5*p + 58, -3*p + 84 = z*f. Calculate the remainder when p is divided by (15 + (2 - 3))*1.
13
Let g = 35 - 2. Calculate the remainder when g is divided by 18.
15
Let h(o) = -o**2. Let f(p) = 16*p**2 + 2*p + 1. Let i(m) = f(m) - 5*h(m). Let g = -15 - -14. What is the remainder when i(g) is divided by 7?
6
Suppose -55 = -5*l + 110. What is the remainder when l is divided by 12?
9
Suppose 0*h - 8 = 2*h, 4*q - 2*h - 60 = 0. Calculate the remainder when 4 + q - (-4)/2 is divided by 5.
4
Suppose 41 = -5*i + 131. What is the remainder when 428/i - 6/(-27) is divided by 16 - 3/(0 - -1)?
11
Let l(p) = -p**2 + 8*p - 9. What is the remainder when l(6) is divided by 1/(3 + -1 + -1)*2?
1
Let y(c) = 6*c - 10. What is the remainder when y(6) is divided by 14?
12
Suppose -2*a = 2*a - 5*h - 28, -5*h - 20 = 0. Calculate the remainder when 4 is divided by a.
0
Let n = 4 + 1. Suppose 2*z + g + 3 - 29 = 0, -4*g = n*z - 68. Let p = -34 + 56. What is the remainder when p is divided by z?
10
Let p(x) = 3*x - 2. Let g(k) = 4*k - 1. Let h = 7 + -2. Let u(r) = h*g(r) - 6*p(r). What is the remainder when u(7) is divided by 11?
10
Let r be (-12)/(-3) - (0 - -2). Suppose -g - 3*s = -10, -r*s = -5*g + 12 + 72. What is the remainder when g is divided by 4?
0
Suppose -7*l = -2*l - 180. Suppose 4*p - 36 - l = 0. Calculate the remainder when 53 is divided by p.
17
Let v = 18 - 7. Let b = 45 + -14. Calculate the remainder when b is divided by v.
9
Let c(l) = 11*l**2 + 2*l + 1. What is the remainder when 59 is divided by c(-1)?
9
Suppose 15 + 260 = -5*v. Let n = v - -79. Let b = 16 - 3. What is the remainder when n is divided by b?
11
Calculate the remainder when 17 is divided by (5 - 1) + (-2 - -4).
5
Let k = -6 - -8. Suppose -11 = -k*c + 15. What is the remainder when c is divided by 5?
3
Calculate the remainder when 42 is divided by (-6)/8 + 134/8.
10
Calculate the remainder when (-20 - -25) + 4*23 is divided by 4/2*50/4.
22
Suppose -2*q + 35 + 7 = 0. Calculate the remainder when q is divided by 4.
1
Let o = 103 + -63. What is the remainder when o is divided by 21?
19
Suppose -2*w = -u + 2*u - 73, -4*w + 171 = -3*u. Calculate the remainder when 233 is divided by w.
38
Let g = -9 - -30. What is the remainder when g is divided by 13?
8
Suppose -290 = -6*s + 2*s - c, -c + 363 = 5*s. Calculate the remainder when s is divided by 19.
16
Let p = 37 - 25. What is the remainder when 21 is divided by p?
9
Calculate the remainder when 28 + -2 + (-8)/(-32)*0 is divided by 5.
1
Let x(v) = 23*v**2 - v - 1. Suppose -1 = -4*q - 5. Calculate the remainder when 44 is divided by x(q).
21
Let h = -7 + 13. Let i be h/4*(-8)/(-3). Suppose 0*v - i*v + 152 = 0. What is the remainder when v is divided by 13?
12
Calculate the remainder when 64 is divided by (-2 - 31)*2/(-6).
9
Let r(w) = -2*w**2 + 2*w - 1. Let q be r(1). Calculate the remainder when 28 is divided by -30*q*(-2)/(-4).
13
Suppose 3*v + 0*h = 2*h - 9, 3*h = -2*v - 6. Calculate the remainder when 847/21 + (-2)/v is divided by 14.
13
Let j = -9 - -19. Calculate the remainder when j is divided by (-18)/4*(125/(-15) - -7).
4
Let y be ((-6)/(-4))/((-9)/120). Calculate the remainder when ((-10)/y)/(2/108) is divided by (2*-1)/(2/(-14)).
13
Let r = -15 + 35. Suppose -5*f = r, 2*x - 7 = 2*f + 11. Let v(h) = h**3 - 4*h**2 + 3*h + 1. What is the remainder when v(4) is divided by x?
3
Let s(c) = c**2 + 2*c. Let k = -202 + 295. What is the remainder when k is divided by s(-6)?
21
Let j be -9 + 10 + 2*2. Let m = j - -8. Calculate the remainder when m is divided by 5.
3
Suppose -4*o + 3*o = -4. Let t = o - -3. Suppose 0 = 5*z - 3*l - 48, 2*z - l = t*z - 44. Calculate the remainder when z is divided by 5.
4
Let m(f) = f**3 - 9*f**2 - 9*f - 8. Let q be (2 + -22)/(-1*2). Let z be m(q). Calculate the remainder when 13 is divided by z/(-1) - (-42)/6.
3
Let y(k) = k**2 + 5*k - 8. Let h be y(-6). Let q(c) = 2*c**2 + 4*c + 2. Let f be q(h). Suppose f*i = 7*i - 200. Calculate the remainder when i is divided by 14.
12
Calculate the remainder when 2 - (4 + 102/(-2)) is divided by 13.
10
Let k(x) = x**3 - x**2 + 9. Let z = -48 - -80. Calculate the remainder when z is divided by k(0).
5
Let b = 2 - -3. Suppose 0 = 2*d - b*v - 16, 3*v - 6 = 3*d - 21. Calculate the remainder when 8 is divided by d.
2
Suppose 0 = -5*j - 0*z - 3*z + 10, j + 3*z - 2 = 0. What is the remainder when 4 is divided by j?
0
Suppose -4*v + 164 = 68. What is the remainder when 93 is divided by v?
21
Let j(z) = z**3 - 6*z**2 + 5*z + 1. Let k = -13 + 24. Calculate the remainder when j(6) is divided by k.
9
Suppose n = 2*l + 15, 0 = -4*n - 0*l + l + 25. Suppose 3 = -3*g + 9. Suppose -n*s = -g*s - 21. What is the remainder when 19 is divided by s?
5
Let i(w) = 3*w + 39. Calculate the remainder when i(13) is divided by 9.
6
Let b(t) = -t**2 - 20. Let k be b(0). Calculate the remainder when 4/10 - 32/k is divided by 1.
0
Let r(z) = -z**3 - 2*z**2 + z - 3. Let b be r(-3). Suppose 0 = -2*s + b*y + 30, 2*s + 7*y - 6 = 4*y. Calculate the remainder when 33 is divided by s.
6
Let g(m) = -m**2 - 9*m - 6. Let x(u) = -u**3 + 2*u - 2. Let v be x(2). Let i be g(v). Suppose t - 2*t = -i. What is the remainder when 47 is divided by t?
11
Suppose 4*n = 3*n. Let u be 2/2 + (-7 - n). Let l = 19 + u. Calculate the remainder when 25 is divided by l.
12
Suppose 56*q = 51*q + 210. Let x(r) = -r**2 + 11*r - 7. Calculate the remainder when q is divided by x(9).
9
Suppose 0 = -14*h + 4*h + 310. Let t = -84 + 143. Calculate the remainder when t is divided by h.
28
Let o(z) = -z**2 + 4*z + 1. Let p be o(3). Suppose p*x + 136 + 40 = 0. What is the remainder when (x + -4 + 1)*-1 is divided by 16?
15
Let h(g) = -10*g**3 + 5*g**2 + 6*g + 2. Suppose 0 = 4*d + d - 155. What is the remainder when h(-2) is divided by d?
28
Let y(a) = -a - 5. Let p be 7*((-4)/2 - -1). Let o be y(p). Suppose -2*l = -3*l + w + 40, o*w = 2. What is the remainder when l is divided by 21?
20
Suppose -271 = 3*q - 40. Let x = -38 - q. What is the remainder when x is divided by 20?
19
Let u(o) = 6*o**3 + 2*o - 1. Suppose 3*s = -4*h + 7 - 18, 0 = 3*s + 15. Calculate the remainder when -1 + 6*28/8 is divided by u(h).
6
Let k = 18 + -21. Let w(o) = -2*o + 1. What is the remainder when 27 is divided by w(k)?
6
Calculate the remainder when 3/6 - 33/(-6) is divided by 4.
2
Let r = -5 + 6. Let z = 2 - r. Suppose -z = x + 2*k - 7*k, 4*x - 14 = 2*k. What is the remainder when 10 is divided by x?
2
What is the remainder when 20 is divided by 4 + (1 - -2) + 4?
9
Suppose -5*x - 82 = 5*j - 257, -4*j + 3*x + 126 = 0. Let q = j - 19. Calculate the remainder when 41 is divided by q.
13
Let x = 250 + -139. Let z = x + -76. Calculate the remainder when z is divided by (-1 - -4 - 3) + (-18)/(-2).
8
Suppose t - 4 = 1, 0 = -o + t + 10. Calculate the remainder when 29 is divided by o.
14
Let k = 21 + 7. Let v = 42 - k. What is the remainder when 11 is divided by (-1 + v/2)*1?
5
Suppose -9*i = -2*i - 413. What is the remainder when i is divided by 20?
19
Suppose -5*v = 3*z + 5, -v - 1 = -z - 0*v. Suppose z = -f + 6*f - 260. Let m(r) = r**3 + 18. What is the remainder when f is divided by m(0)?
16
Let r = 16 + -7. What is the remainder when 61 is divided by r?
7
Let b(t) = 93*t - 3. What is the remainder when b(1) is divided by 19?
14
Let c(a) = -a + 5*a + 2 + a + a**3 + 7*a**2 - 13*a**2. Let q(l) = 2*l**2 - l. Calculate the remainder when q(-1) is divided by c(5).
1
Let r(n) = -27*n + 6. What is the remainder when r(-3) is divided by 10?
7
Let q = -15 + 19. Calculate the remainder when 11 is divided by q.
3
Let r = 35 + -2. What is the remainder when 131 is divided by r?
32
Let m(f) = f**3 + 10*f**2 - 2*f. Let b(p) = 4*p + 2. Let l be b(-3). What is the remainder when 58 is divided by m(l)?
18
Let t = 40 - 38. Let d(h) = h**3 - 5*h**2 + 5*h. Let f be d(4). Suppose -f*m + t*m + 20 = 0. What is the remainder when 18 is divided by m?
8
Suppose 0 = -r - j + 6*j + 26, 3*r + j = -2. Let p = r + 19. Calculate the remainder when p is divided by -2*11*2/(-4).
9
Let p(q) = -15*q - 4. Let h(z) = -4*z - 1. Suppose v + v - 12 = 0. Let c(n) = 